ommon factor of 525952 and 13238024.
4696
Calculate the highest common divisor of 8307461 and 287.
41
What is the highest common factor of 812776 and 210552?
2264
Calculate the highest common divisor of 32639 and 82931.
127
Calculate the greatest common factor of 190281901 and 407133.
15079
Calculate the greatest common divisor of 1095 and 7327959.
219
What is the highest common divisor of 25917 and 664551?
489
What is the greatest common factor of 72 and 283874616?
72
What is the greatest common factor of 1003029975 and 675?
225
What is the highest common factor of 266809735 and 10?
5
What is the highest common factor of 8867460 and 118822?
982
Calculate the highest common factor of 1571068769 and 43.
43
What is the greatest common factor of 1704 and 161184?
24
Calculate the highest common factor of 240 and 69972144.
48
Calculate the greatest common divisor of 123616010 and 30.
10
What is the greatest common factor of 10737135 and 45?
45
Calculate the greatest common factor of 1 and 2481597.
1
Calculate the greatest common divisor of 4980 and 94562232.
996
Calculate the highest common divisor of 83660 and 4100.
20
What is the highest common factor of 1640 and 5540904?
328
Calculate the greatest common divisor of 115 and 42031235.
115
What is the highest common divisor of 5452 and 75247?
47
Calculate the greatest common factor of 920 and 4142420.
20
Calculate the greatest common divisor of 1254380 and 16.
4
Calculate the highest common factor of 96462505 and 697.
17
Calculate the greatest common divisor of 6000 and 169740.
60
What is the highest common factor of 4386 and 51873222?
4386
What is the highest common factor of 14 and 104955494?
14
What is the greatest common factor of 71972 and 616?
4
Calculate the highest common factor of 2624 and 4586424.
328
Calculate the highest common factor of 2 and 854114.
2
Calculate the greatest common divisor of 118384097 and 82.
41
Calculate the greatest common factor of 2052342 and 29013.
57
Calculate the greatest common divisor of 54827 and 3164597.
109
What is the greatest common divisor of 142500 and 53048?
76
Calculate the highest common divisor of 96 and 9451604.
4
Calculate the greatest common divisor of 25715814 and 222.
222
Calculate the highest common factor of 630 and 73343718.
126
Calculate the greatest common divisor of 80 and 29021500.
20
Calculate the greatest common divisor of 20625 and 3421.
11
What is the highest common factor of 524594 and 75698?
14
What is the greatest common divisor of 63 and 280962612?
63
What is the highest common divisor of 35224 and 14462?
14
What is the greatest common divisor of 1919115 and 108405?
495
What is the greatest common divisor of 1940840 and 163955?
605
Calculate the greatest common divisor of 50176127 and 4328.
541
What is the greatest common divisor of 31104960 and 260?
20
Calculate the highest common factor of 1177176 and 310856.
5096
What is the greatest common factor of 1047586648 and 34?
34
What is the greatest common divisor of 10009363 and 65?
13
What is the highest common factor of 5295482 and 4030?
62
Calculate the greatest common factor of 78995 and 932599171.
15799
What is the greatest common factor of 12 and 1381629?
3
Calculate the greatest common divisor of 59263305 and 15.
15
Calculate the highest common divisor of 1122 and 421060046.
374
What is the greatest common divisor of 14050 and 113612234?
562
Calculate the highest common divisor of 140 and 146377.
7
Calculate the greatest common factor of 253798 and 9718.
226
Calculate the highest common divisor of 84056534 and 34.
34
What is the highest common divisor of 87075 and 3393225?
675
Calculate the greatest common divisor of 21847985 and 44635.
565
Calculate the highest common divisor of 291740400 and 432.
432
What is the highest common divisor of 90272698 and 4?
2
What is the greatest common divisor of 1289 and 20546660?
1289
Calculate the greatest common factor of 1788119 and 7273.
1039
What is the greatest common factor of 212916370 and 23002?
3286
Calculate the greatest common factor of 2283454 and 3690.
82
Calculate the greatest common divisor of 108141 and 386889.
87
Calculate the greatest common divisor of 18910 and 52328.
62
Calculate the highest common divisor of 1763 and 41716106.
1763
Calculate the highest common factor of 346519 and 2595.
173
Calculate the greatest common divisor of 275880 and 206184.
2904
Calculate the highest common divisor of 13586773 and 15407.
2201
Calculate the greatest common divisor of 19582310 and 220.
110
What is the highest common divisor of 362106927 and 8442?
4221
Calculate the greatest common factor of 1468726144 and 95.
19
What is the greatest common divisor of 347727 and 299181?
93
Calculate the greatest common divisor of 1932 and 21994026.
138
Calculate the greatest common factor of 38528 and 101738.
602
Calculate the greatest common factor of 1910827556 and 3256.
1628
Calculate the greatest common divisor of 72358 and 631943.
13
What is the highest common divisor of 28 and 90725516?
28
Calculate the greatest common factor of 500 and 9745700.
100
What is the highest common factor of 1161 and 7058321?
43
What is the highest common divisor of 4032 and 7790832?
1008
Calculate the highest common factor of 216 and 5600502.
54
What is the greatest common divisor of 67884425 and 700?
175
Calculate the highest common divisor of 18772 and 41696944.
1444
Calculate the greatest common factor of 756 and 4380873.
21
What is the greatest common factor of 119259 and 68337?
27
What is the highest common divisor of 110075 and 400044?
629
Calculate the greatest common factor of 15399 and 1332840.
87
What is the highest common divisor of 1218 and 23107?
7
What is the greatest common divisor of 247 and 65682487?
247
What is the greatest common divisor of 224 and 33542488?
56
Calculate the greatest common factor of 4049003 and 27559.
217
Calculate the highest common factor of 99926280 and 36.
36
Calculate the highest common factor of 45578 and 185926.
26
Calculate the highest common factor of 588 and 2802555.
147
What is the greatest common factor of 30720115 and 601?
601
Calculate the greatest common factor of 1503764 and 16258586.
6898
What is the greatest common divisor of 114623818 and 3661?
523
Calculate the highest common divisor of 352304 and 84584.
776
What is the greatest common factor of 976 and 35399642?
122
Calculate the highest common divisor of 9261831 and 2489.
131
What is the highest common divisor of 4671855 and 180?
45
Calculate the highest common divisor of 899512 and 8244.
916
Calculate the highest common divisor of 2872815 and 9315.
345
Calculate the greatest common divisor of 40089 and 15433.
23
Calculate the greatest common factor of 191068 and 222888.
148
Calculate the highest common divisor of 134857418 and 46.
46
Calculate the greatest common factor of 179 and 44454.
1
Calculate the greatest common divisor of 1973196 and 1652.
236
Calculate the highest common divisor of 997812 and 1848.
12
Calculate the highest common factor of 2415 and 1368822.
483
What is the highest common factor of 150918171 and 123?
123
Calculate the highest common factor of 211712 and 96.
32
Calculate the greatest common divisor of 22774 and 14135161.
59
What is the highest common divisor of 19542852 and 6804?
252
Calculate the highest common factor of 3470936 and 448.
56
Calculate the highest common factor of 44203350 and 5.
5
Calculate the greatest common factor of 1647 and 5850387.
27
Calculate the greatest common factor of 65391714 and 506.
46
What is the greatest common divisor of 391919 and 27634?
41
Calculate the greatest common divisor of 92613 and 18237.
3
Calculate the greatest common divisor of 1350 and 2323440.
90
Calculate the highest common factor of 1809 and 145017.
27
Calculate the highest common divisor of 100667 and 306089.
511
Calculate the greatest common divisor of 279916720 and 320.
80
What is the greatest common factor of 91523 and 35131?
19
What is the greatest common factor of 9404 and 102595289?
2351
Calculate the highest common factor of 1314 and 1278072.
18
Calculate the highest common divisor of 23035353 and 7524.
627
What is the highest common divisor of 49190495 and 43?
43
What is the greatest common factor of 264 and 423882